- 4 - 35. Calculate the remainder when y is divided by i.
19
Suppose 3 = a - r, -3*a - r - 4*r + 1 = 0. Let y(h) = -3*h**3 + 2*h + 1. What is the remainder when a is divided by y(-1)?
0
Let s(o) = 5*o - 64. What is the remainder when 66 is divided by s(20)?
30
Let z = 12 + -9. Suppose z*r - 53 = 10. Suppose -x = -3 - 8. Calculate the remainder when r is divided by x.
10
Suppose -7 = k - 2. Let h be k/(-10) + (-107)/(-2). What is the remainder when 16 is divided by 2/9 + 312/h?
4
Let a(n) = n**3 - 5*n**2 - 5*n - 8. Let p be a(6). Let i = p - -4. What is the remainder when 4 is divided by i?
0
Suppose 2 = r - 1. Suppose 2*f + 2*g - 246 = 0, 5*f - 5*g = 3*f + 260. Suppose f = 2*a + r*a. What is the remainder when a is divided by 9?
7
Suppose -13 - 27 = -5*l. Calculate the remainder when l is divided by 6.
2
What is the remainder when 144 is divided by -3*103/(-15) + (-6)/(-15)?
18
Let j(s) = -3*s + 3. What is the remainder when 82 is divided by j(-6)?
19
Suppose 56 = 2*m - 4*o, -o - 88 = -3*m + o. What is the remainder when m is divided by 11?
8
Suppose z + 2*i - 4*i - 13 = 0, 5*z + i = 10. Suppose -4 = 2*p, -1 = 5*m - z*p - 27. What is the remainder when 5 is divided by m?
1
Let t(a) = -a**3 + 6*a**2 - 3*a - 3. Let x be (2/(-4) - 0)*-48. Let m be (0 - -1)/(6/x). What is the remainder when t(m) is divided by 9?
8
Let p = -3 + 5. Suppose -p*k = 2*k - 8. Suppose -2*x + 38 = -4*z, 2*x + 64 = 6*x - k*z. Calculate the remainder when 44 is divided by x.
14
Suppose 5*u = 4*k - 79, -2*u + 4 = -k + 23. What is the remainder when k is divided by 6?
3
Suppose -4*t + t = -75. Calculate the remainder when 2*1/2*t is divided by 13.
12
Let y be 1/(3 + 2 + 194/(-39)). Suppose 4*n + n = 3*i + 69, -2*i - 46 = 5*n. Let w = y + i. What is the remainder when 30 is divided by w?
14
Let a be (-6)/(-8) + (-13)/(-4). Suppose -3*w + a*w - 12 = 0. What is the remainder when 35 is divided by w?
11
Suppose 2*s - 11 = -1. Suppose -4*r = r - 70. Calculate the remainder when r is divided by s.
4
Let n(g) = g**3 - 5*g**2 + g - 3. Let i(a) = -a**2 - 6*a + 4. Let q be i(-7). What is the remainder when n(5) is divided by ((-1)/q)/(4/12)?
0
Let v(o) = -6*o**2 + 2*o**3 + o**3 - 2*o**3 + 6. Let s = 19 + 2. Calculate the remainder when s is divided by v(6).
3
Let o(y) = 2*y + 11. Let m(v) = 3*v + 11. Let h(w) = -3*m(w) + 4*o(w). Calculate the remainder when 63 is divided by h(-11).
19
Let t be (-4)/12*(-6)/1. Suppose 5*r = j + 12, 2*j = -t*r + 3*r + 21. Calculate the remainder when 38 is divided by j.
12
What is the remainder when 77 is divided by -1*4/(-6) - 74/(-6)?
12
Suppose -3*g = n - 16, -4*g + 20 = -n + 2*n. What is the remainder when 9 is divided by n?
1
Let a(b) = -53*b + 1. Calculate the remainder when a(-1) is divided by 19.
16
Let z(q) = -q**2 + 11*q - 15. Calculate the remainder when 89 is divided by z(6).
14
Let i = 15 + -2. Calculate the remainder when 25 is divided by i.
12
Let v(g) = -12*g**3 + g**2 + g + 1. Let t = 19 + -14. Calculate the remainder when v(-1) is divided by t.
3
Let f(v) be the third derivative of 13*v**6/40 - v**5/30 + v**4/24 + v**2. What is the remainder when f(1) is divided by 13?
12
Let b = 9 + -13. What is the remainder when 7 is divided by (-1)/b - (-95)/20?
2
Let z = 57 + -28. Suppose 4 = -g + z. Let k(b) = b**3 + 6*b**2 - 3*b - 5. What is the remainder when g is divided by k(-6)?
12
Let u be (-2 + 1)*1 + 4. Suppose -3*i = -5*o + 18, 0*i = o + u*i. Calculate the remainder when 8 is divided by o.
2
Suppose s - 40 + 9 = 0. What is the remainder when 89 is divided by s?
27
Suppose 0 = 4*l - 2*a - 24, -a + 3*a = -3*l + 32. Calculate the remainder when 46 is divided by l.
6
Suppose 0 = 6*n - n. Let p = n - -4. Calculate the remainder when (-4 - -4) + 2 - -5 is divided by p.
3
Suppose -c + 4*c - 9 = 0. Suppose -23 = -c*r - 2*h, -4*h = -4*r - 3*h + 49. What is the remainder when 32 is divided by r?
10
Let y be (0 - -4) + -2 + 0. Suppose -2*s + 66 = 5*h, y*h = -2*s + 27 + 3. What is the remainder when 34 is divided by h?
10
Suppose 3*b = 3*s - 75, -3*b = -4*s - b + 92. Let h = -12 + 18. Calculate the remainder when s is divided by h.
3
Suppose 4*d - o - 93 = 0, -4*o - o = 5*d - 85. Suppose 0*z - 2*z - 3*c = -30, 3*z + 5*c = 46. What is the remainder when d is divided by z?
10
Suppose 4*x - v = -2*v + 9, 3*v = 3. Calculate the remainder when 50 is divided by (-6)/x + (-4 - -20).
11
Suppose 3*p + 98 = 2*x, -4*p + 7*x = 3*x + 136. Let n = p + 92. Calculate the remainder when n is divided by 16.
14
Let d be ((-34)/(-4))/(1/2). Let q be 22/(-6) - (-2)/(-6). Let s = q + d. What is the remainder when 38 is divided by s?
12
Suppose 15 + 0 = 3*z. Suppose z*y - 33 - 27 = -5*b, -3*b + 4*y = -36. Let m = -47 - -81. What is the remainder when m is divided by b?
10
Suppose 4*v - 84 = -4*f, -50 = -5*v - 4*f + 54. Calculate the remainder when v/6*12/10 is divided by 2.
0
What is the remainder when -5 + (-7)/(-2)*34 is divided by 29?
27
Let k = -97 - -160. What is the remainder when k is divided by 13?
11
Suppose -t = -5*v + 6, -2*v = 3*t - t. Let b be 9 + (3/3)/t. Suppose 2*q - 5*n + 10 = 0, -2*n + 0*n + b = 0. What is the remainder when 13 is divided by q?
3
Let g = 11 - -28. What is the remainder when g is divided by 14?
11
Suppose 0 = -21*h + 17*h + 52. Calculate the remainder when h is divided by 5.
3
Suppose -g + 0 = -12. Let k be (1 - -1)/(g/(-18)). Let p = k + 4. What is the remainder when 2 is divided by p?
0
Let u(d) = -d**3 + 9*d**2 - d - 4. Let w be u(9). Let s(f) = -f**2 - 14*f + 3. What is the remainder when 30 is divided by s(w)?
14
What is the remainder when 88 + -2 + 4 - (1 + -4) is divided by 24?
21
Suppose 3*m - 6 = -3*p, -p + 2*m + 13 - 5 = 0. Suppose -p*o + 13 = -5*v, 2*o - 7 = o + 5*v. What is the remainder when 6 is divided by o?
0
Let a = 55 + -36. Calculate the remainder when a is divided by 5.
4
Calculate the remainder when 68 is divided by (-2)/(-4)*6*6.
14
Suppose 0 = y - 2 + 36. Let w be (-248)/14 + (-2)/7. Let r = w - y. Calculate the remainder when 31 is divided by r.
15
Suppose 4*o + 0*t + 5*t = 17, 3*t = -3*o + 12. Suppose -o*f + 16 = -c + 5*c, -4 = -f - 2*c. Let r = -3 + 6. Calculate the remainder when f is divided by r.
2
Let m(j) = j**2 - 2*j + 2. Suppose -5*n = -22 - 73. Let c = n + -10. Calculate the remainder when c is divided by m(3).
4
Suppose 5*k - 45 + 0 = -2*x, -3*x - 2*k = -84. Let v be x*(21/6 - 2). Let s = -23 + v. Calculate the remainder when s is divided by 12.
10
Suppose 3*k + 28 = 7*k. What is the remainder when 16 is divided by k?
2
Let i(c) = c**2 + c + 9. Let o be i(0). Suppose -o = -3*y + 3. Suppose -3*f + 0*f + 2*j = -32, 0 = 4*j + 4. Calculate the remainder when f is divided by y.
2
Let t(h) = -2*h - 7. Calculate the remainder when 1/((-2*1)/(-38)) is divided by t(-7).
5
Let o = 27 + -17. Suppose o = -p + 6*p. Suppose 0 = -4*d + 18 - 2. What is the remainder when d is divided by p?
0
Let f(g) = -g**2 - 9*g - 16. Let j be f(-6). Let p(d) = -19*d - 9. Let u be p(-6). Suppose j*n = -n + u. Calculate the remainder when n is divided by 18.
17
Let t be ((-10)/(-4))/((-2)/(-4)). Suppose 4*g + 0*x = t*x + 60, 3*g - 2*x - 38 = 0. What is the remainder when 17 is divided by g?
7
Let q = -7 + 9. Calculate the remainder when ((-7)/4)/((-1)/4) is divided by q.
1
Let o = -106 + 217. Calculate the remainder when o is divided by 14.
13
Suppose -3*w + 44 = 2*k + w, 0 = 2*w + 2. Calculate the remainder when k is divided by 13.
11
Let j be 5 - 2 - (3 + -2). Suppose j*q - 6*q - 12 = 0, 0 = 5*z - 5*q - 75. Calculate the remainder when 22 is divided by z.
10
Let p(j) = -2*j + 11. Calculate the remainder when p(-13) is divided by 20.
17
Let i = 34 + -20. Let d = -68 + 95. Let y = d - i. What is the remainder when 38 is divided by y?
12
Suppose -44 = -3*j + o - 0*o, -4*o - 36 = -2*j. Let h(i) = -i**3 - 13*i**2 + 13*i + 11. Calculate the remainder when h(-14) is divided by j.
11
Let c be (-32)/6 - (-2)/(-3). Let n be 146/c - (-4)/12. Let i = 64 + n. Calculate the remainder when i is divided by 14.
12
Let x(a) be the first derivative of a**4/4 - 7*a**3/3 + 5*a**2/2 - 4*a - 1. What is the remainder when x(7) is divided by 16?
15
Let b(u) = 3*u - 113. Let m(i) = 2*i - 75. Let r be 10*(9/(-6) - -2). Let a(f) = r*b(f) - 8*m(f). What is t